12082?
0
What is the hundreds digit of 33289?
2
What is the thousands digit of 10092?
0
What is the hundreds digit of 75555?
5
What is the tens digit of 12852?
5
What is the hundreds digit of 10039?
0
What is the thousands digit of 5600?
5
What is the hundreds digit of 1749?
7
What is the thousands digit of 6290?
6
What is the thousands digit of 1270?
1
What is the thousands digit of 12590?
2
What is the tens digit of 17411?
1
What is the units digit of 5697?
7
What is the hundreds digit of 6556?
5
What is the units digit of 105?
5
What is the tens digit of 8420?
2
What is the thousands digit of 3341?
3
What is the tens digit of 530?
3
What is the tens digit of 50067?
6
What is the tens digit of 18892?
9
What is the ten thousands digit of 54322?
5
What is the units digit of 4079?
9
What is the hundreds digit of 459?
4
What is the units digit of 19824?
4
What is the hundreds digit of 2287?
2
What is the hundreds digit of 1309?
3
What is the units digit of 2607?
7
What is the units digit of 10918?
8
What is the units digit of 56593?
3
What is the units digit of 6959?
9
What is the tens digit of 1267?
6
What is the hundreds digit of 1615?
6
What is the hundreds digit of 45953?
9
What is the units digit of 1610?
0
What is the hundreds digit of 3128?
1
What is the units digit of 1268?
8
What is the ten thousands digit of 61467?
6
What is the ten thousands digit of 56463?
5
What is the hundreds digit of 6733?
7
What is the ten thousands digit of 54211?
5
What is the tens digit of 2604?
0
What is the units digit of 1111?
1
What is the ten thousands digit of 32506?
3
What is the units digit of 667?
7
What is the tens digit of 17074?
7
What is the hundreds digit of 749?
7
What is the thousands digit of 38910?
8
What is the hundreds digit of 3467?
4
What is the thousands digit of 9650?
9
What is the thousands digit of 4984?
4
What is the tens digit of 695?
9
What is the ten thousands digit of 49674?
4
What is the units digit of 984?
4
What is the tens digit of 10027?
2
What is the units digit of 691?
1
What is the units digit of 507?
7
What is the units digit of 3576?
6
What is the tens digit of 16164?
6
What is the tens digit of 527?
2
What is the thousands digit of 17640?
7
What is the thousands digit of 7945?
7
What is the ten thousands digit of 54353?
5
What is the thousands digit of 69440?
9
What is the thousands digit of 1002?
1
What is the tens digit of 130?
3
What is the units digit of 252?
2
What is the ten thousands digit of 20192?
2
What is the tens digit of 4170?
7
What is the thousands digit of 2604?
2
What is the ten thousands digit of 125850?
2
What is the tens digit of 5395?
9
What is the units digit of 4321?
1
What is the units digit of 8812?
2
What is the units digit of 885?
5
What is the tens digit of 2211?
1
What is the thousands digit of 1235?
1
What is the units digit of 26051?
1
What is the hundreds digit of 386?
3
What is the hundreds digit of 421?
4
What is the hundreds digit of 4740?
7
What is the thousands digit of 30133?
0
What is the units digit of 4249?
9
What is the ten thousands digit of 19841?
1
What is the hundreds digit of 2696?
6
What is the tens digit of 152?
5
What is the units digit of 2303?
3
What is the hundreds digit of 2510?
5
What is the tens digit of 9961?
6
What is the hundreds digit of 141605?
6
What is the thousands digit of 6238?
6
What is the tens digit of 3864?
6
What is the hundreds digit of 51312?
3
What is the units digit of 24?
4
What is the units digit of 6341?
1
What is the hundreds digit of 20665?
6
What is the hundreds digit of 1476?
4
What is the thousands digit of 5926?
5
What is the hundreds digit of 6817?
8
What is the hundreds digit of 5690?
6
What is the hundreds digit of 1988?
9
What is the tens digit of 43222?
2
What is the units digit of 5333?
3
What is the ten thousands digit of 31199?
3
What is the thousands digit of 23098?
3
What is the hundreds digit of 251?
2
What is the hundreds digit of 254?
2
What is the tens digit of 3704?
0
What is the units digit of 70871?
1
What is the thousands digit of 1074?
1
What is the thousands digit of 4118?
4
What is the hundreds digit of 1912?
9
What is the tens digit of 466?
6
What is the ten thousands digit of 60512?
6
What is the hundreds digit of 104377?
3
What is the tens digit of 1371?
7
What is the tens digit of 2127?
2
What is the thousands digit of 14136?
4
What is the units digit of 13665?
5
What is the units digit of 4006?
6
What is the thousands digit of 7363?
7
What is the units digit of 993?
3
What is the units digit of 1579?
9
What is the thousands digit of 3938?
3
What is the hundreds digit of 2305?
3
What is the tens digit of 726?
2
What is the thousands digit of 56301?
6
What is the hundreds digit of 710?
7
What is the units digit of 254?
4
What is the ten thousands digit of 105726?
0
What is the tens digit of 76301?
0
What is the tens digit of 535?
3
What is the hundreds digit of 15715?
7
What is the hundreds digit of 1130?
1
What is the thousands digit of 9852?
9
What is the hundreds digit of 514?
5
What is the tens digit of 736?
3
What is the units digit of 71420?
0
What is the units digit of 39940?
0
What is the ten thousands digit of 42447?
4
What is the tens digit of 26993?
9
What is the units digit of 4204?
4
What is the hundreds digit of 155179?
1
What is the tens digit of 3236?
3
What is the hundreds digit of 9434?
4
What is the units digit of 1953?
3
What is the hundreds digit of 130713?
7
What is the units digit of 1279?
9
What is the units digit of 206?
6
What is the units digit of 1798?
8
What is the units digit of 187?
7
What is the units digit of 180?
0
What is the hundreds digit of 16124?
1
What is the units digit of 471?
1
What is the thousands digit of 14389?
4
What is the thousands digit of 20671?
0
What is the tens digit of 3117?
1
What is the thousands digit of 2893?
2
What is the tens digit of 12872?
7
What is the hundreds digit of 209?
2
What is the units digit of 2043?
3
What is the thousands digit of 7591?
7
What is the tens digit of 2491?
9
What is the hundreds digit of 9127?
1
What is the units digit of 1801?
1
What is the hundreds digit of 252?
2
What is the tens digit of 1350?
5
What is the units digit of 7886?
6
What is the hundreds digit of 819?
8
What is the hundreds digit of 18528?
5
What is the hundreds digit of 615?
6
What is the thousands digit of 20818?
0
What is the units digit of 24677?
7
What is the thousands digit of 6627?
6
What is the units digit of 16549?
9
What is the thousands digit of 198735?
8
What is the hundreds digit of 287?
2
What is the units digit of 18782?
2
What is the hundreds digit of 566?
5
What is the hundreds digit of 1503?
5
What is the thousands digit of 169689?
9
What is the units digit of 19333?
3
What is the tens digit of 1028?
2
What is the units digit of 1433?
3
What is the thousands digit of 50001?
0
What is the thousands digit of 30413?
0
What is the tens digit of 1116?
1
What is the ten thousands digit of 33335?
3
What is the units digit of 4300?
0
What is the units digit of 455?
5
What is the tens digit of 5668?
6
What is the thousands digit of 6692?
6
What is the tens digit of 404?
0
What is the thousands digit of 1701?
1
What is the thousands digit of 147441?
7
What is the units digit of 35367?
7
What is the thousands digit of 4746?
4
What is the units digit of 6997?
7
What is the hundreds digit of 1204?
2
What is the tens digit of 10236?
3
What is the hundreds digit of 21490?
4
What is the tens digit of 72028?
2
What is the tens digit of 13612?
1
What is the hundreds digit of 15734?
7
What is the units digit of 5334?
4
What is the tens digit of 4772?
7
What is the units digit of 1910?
0
What is the units digit of 1189?
9
What is the units digit of 22129?
9
What is the hundreds digit of 1581?
5
What is the hundreds digit of 1447?
4
What is the units digit of 9124?
4
What is the hundreds digit of 162?
1
What is the units digit of 29?
9
What is the tens digit of 1886?
8
What is the tens digit of 34217?
1
What is the thousands digit of 11671?
1
What is the units digit of 128?
8
What is the hundreds digit of 430?
4
What is the hundreds digit of 22548?
5
What is the tens digit of 171753?
5
What is the tens digit of 7480?
8
What is the ten thousands digit of 1